 remainder when ((-30)/(-7))/((-14)/(-98)) is divided by 16?
14
Let g(o) = 7*o**2 + o**3 + 4 + 3*o**2 - 3*o**2 - 2*o. What is the remainder when 34 is divided by g(-7)?
16
Let n = 45 + -12. What is the remainder when 130 is divided by n?
31
Let l(w) = 11*w + 1. What is the remainder when l(2) is divided by 12?
11
Let s(k) = -8*k - 9. Let o be (-2)/(-3) - (-40)/(-6). What is the remainder when s(o) is divided by 10?
9
Suppose -2*w = -3*x + 8*x + 17, 3*w + 4*x = -15. Suppose -2*c + 20 = -10. Let p = c + w. What is the remainder when p is divided by 8?
6
Let y be (-3)/((-3)/(-12)*1). Let d be y/9*3/(-2). Let t(h) = h**3 + 2*h - 1. What is the remainder when t(d) is divided by 6?
5
Suppose -88*m + 85*m = -36. Calculate the remainder when m is divided by 2.
0
Calculate the remainder when 3/(-21) - (-2652)/42 is divided by 22.
19
Suppose -2*v = -9 - 1. Suppose c + 2 = -2*z - 3, 20 = -4*c + 5*z. Let p = v - c. What is the remainder when p is divided by 6?
4
Let n(s) = 31*s**2 + s. Let w(g) = -g**3 - 18*g**2 - 5*g + 5. What is the remainder when w(-18) is divided by n(1)?
31
Suppose 3*a + a - 56 = 0. Let h = 59 + -20. Calculate the remainder when h is divided by a.
11
Calculate the remainder when 2/(-5) + ((-304)/(-5))/2 is divided by 9.
3
Suppose -2*q = q + 12. Let w be -11 + 2*2/q. Let s = 21 + w. What is the remainder when 25 is divided by s?
7
Let s(g) = 3*g - 3. Let p be s(2). Suppose -r + 4*b - 11 = -66, -2*r + 115 = -p*b. What is the remainder when r is divided by 21?
17
Suppose 5*d - 92 = 3*d. Calculate the remainder when d is divided by 25.
21
Calculate the remainder when (-40)/((2 + 4/(-4))*-1) is divided by 15.
10
Let f = 215 + -128. Calculate the remainder when f is divided by 30.
27
Suppose 4*d + 110 = -d. Let f be d/(-6) - (-4)/12. Suppose 240 = f*i - 4*n, -i + 2*n - 8 + 73 = 0. What is the remainder when i is divided by 19?
17
Suppose 2*y - 4*y - 3*m = 187, 91 = -y - m. Suppose i - 46 = -3*j, i + 1 - 2 = 0. What is the remainder when (1/2)/((-1)/y) is divided by j?
13
Suppose -15 = -0*f - 5*f. Suppose -5*j = 5*a - 50, -2*a - 3*a - f*j = -60. Suppose 5*w + a = -2*b, 0*b = b + w. What is the remainder when b is divided by 2?
1
Let z = 46 - 31. Let f = -53 - -81. What is the remainder when f is divided by z?
13
What is the remainder when 32 is divided by (-8)/36 + 83/9?
5
Suppose 11 + 0 = m. Calculate the remainder when m is divided by 7.
4
Let z(r) = -2*r**2 - 21*r + 6. Let s(a) = -a**2 - 10*a + 3. Let v(y) = -5*s(y) + 2*z(y). Let o = 123 + -73. What is the remainder when o is divided by v(-10)?
16
Let u(s) = s**3 - 5*s**2 - 3*s + 8. Let q be u(-6). Calculate the remainder when (-238)/(-5) + (-6)/(-15) is divided by q/(-22) + (-10)/(-55).
14
Let t = -11 + 16. Calculate the remainder when (-2)/(-1)*(2 + 2) is divided by t.
3
Let k = -19 - -75. What is the remainder when k is divided by 19?
18
Suppose 4*r - 14 = r + p, 5*r - 14 = -3*p. Let f(c) = -c**2 - 7*c + 8. Let n be f(-8). Let j = 6 + n. Calculate the remainder when j is divided by r.
2
Let y(n) = n**2 + 2. Let i be y(0). Suppose 0 = 5*q - 28 - i. What is the remainder when q is divided by 6/3 + 2*1?
2
Let i(u) = u**3 + 7*u**2 + 4*u + 1. Calculate the remainder when i(-6) is divided by 4.
1
Suppose -m - 3*y - 7 = 2*y, 4*y + 20 = 0. Calculate the remainder when 142 is divided by m.
16
Suppose x - 5 = -0. Let z be (-5 - -3) + (x - -1). Suppose b + z*b - 30 = 0. What is the remainder when 16 is divided by b?
4
Suppose 2*v - 16 = m + 10, 0 = 2*m + 8. Calculate the remainder when 30 is divided by v.
8
Suppose w + 5 = 0, 4*b - 5*w - 54 - 71 = 0. What is the remainder when b is divided by 14?
11
Suppose 4*o = -94 + 358. Let c(v) = -v + 14. What is the remainder when o is divided by c(-9)?
20
Let l = 10 - -33. What is the remainder when l is divided by 22?
21
Suppose -4*r = -5*v + 75, 0*v - 2*v = -3*r - 37. Suppose -5*n + 17 = -2*j, 5*j - 10 = -0*j - 5*n. What is the remainder when v is divided by j/(2/4) - -5?
2
Suppose 15 = -5*c, -3*p + 2 = 3*c - 22. What is the remainder when p is divided by 6?
5
Let u(o) = -5*o - 2. Let p be u(-2). Let f(i) = p + i - i**3 - 2*i**2 + 4*i**2 + 4*i**2. Calculate the remainder when 41 is divided by f(6).
13
Calculate the remainder when (-4)/16*-4 + 38 is divided by 10.
9
Suppose 0 = -8*b + 15 - 7. Calculate the remainder when 3 is divided by b.
0
Let j = -10 - -6. Let h(l) = 305*l - 3. Let f be h(1). Calculate the remainder when f/8 - j/16 is divided by 13.
12
What is the remainder when (-2266)/(-26) + (-4)/26 is divided by 22?
21
Let y(i) = i**3 - i + 11. What is the remainder when (3/(-2))/((-8)/112) is divided by y(0)?
10
Let f(m) = 2*m**2 - 4*m + 1. Let s(c) = 5*c**2 + c + 1. What is the remainder when s(-2) is divided by f(3)?
5
Let t = 15 + 0. What is the remainder when t is divided by 6?
3
Let l(y) = -3*y**2 + 91*y + 6. What is the remainder when l(30) is divided by 21?
15
Let s(k) = -3*k + 3. Let l be s(6). Let b(w) = -2*w**3 + 3*w**2 + 3*w - 4. Let m be b(3). Let h = l - m. Calculate the remainder when h is divided by 4.
3
Calculate the remainder when 39 is divided by (-70)/(-9) + 6/27.
7
Suppose 5*l + i = -63, 0 = -l - 4*l - 3*i - 69. Let p = 4 - l. Suppose -4*r + 119 = g, 2*r = -0*r - 2*g + 58. What is the remainder when r is divided by p?
14
Let a(n) = n**2 - 3*n - 5. Let z be a(7). Let s = z - 2. Calculate the remainder when 62 is divided by s.
20
Suppose -g = 3*r + 4 - 3, 2*g + 3*r = 10. Suppose 23 = -4*x + 47. Calculate the remainder when g is divided by x.
5
Suppose 18 = 5*n - 2*y, 2 = 3*y - y. Suppose n = -x + 15. What is the remainder when 32 is divided by x?
10
Let v(z) = -z + 1. Let n be v(-12). Calculate the remainder when 47 is divided by 2 - (5 + -2 - n).
11
Let p(r) = -2*r**3 + 7*r + 1. Let c be p(-5). Suppose m = 3*m - c. Let s = m - 62. Calculate the remainder when s is divided by 16.
14
Let f(x) = x**3 - 2*x**2 - 3*x + 3. Let s(p) = p**2 - 11*p + 4. Let m be s(11). Let z = m + 1. Calculate the remainder when z is divided by f(3).
2
Let c(a) = -3*a - 2. Let o be c(-2). Let x be o/(-10) + (-81)/(-15). Suppose -5*t - g + 95 = -3*g, x = -g. Calculate the remainder when 49 is divided by t.
15
Suppose 0 = -3*s - 2*f - 0*f - 2, 2*f = -2*s - 2. Suppose s = 4*c + 2*c - 108. Calculate the remainder when c is divided by 7.
4
Suppose 2 = o - 3*b, -o + 7 = -b - 3. Let f = -2 - 1. Let h = 11 + f. What is the remainder when o is divided by h?
6
Let l(c) = -5*c - 27. What is the remainder when l(-11) is divided by 10?
8
Let x(l) = -l**3 - 2*l**2 + 2*l + 3. Let z(h) = -h**2 + 3*h + 1. Let q be z(4). Calculate the remainder when 11 is divided by x(q).
5
Let y(h) = 2*h**2 + 18*h + 9. What is the remainder when y(-13) is divided by 19?
18
Suppose -4*r + 0*x = 2*x - 22, -r = -x + 2. Suppose 3*s = -a + 11, -4*a + r*a - 7 = -3*s. Calculate the remainder when (-4 - -3)*-18 - s is divided by 8.
7
Let n(c) = -c**3 - 2*c**2 - 2. Let t be n(-2). Let o be 1*1*6/t. Calculate the remainder when 17 is divided by 3/1 - (o + -3).
8
Let h(i) = -i**2 + i + 1. Let t(q) = q**2 - q - 2. Let j(x) = -2*h(x) + t(x). What is the remainder when j(3) is divided by 9?
5
Suppose -i + 142 = 2*i - f, 0 = -2*f - 8. Suppose -3*h = -2 - 70. What is the remainder when i is divided by h?
22
Let o = -50 - -157. What is the remainder when o is divided by 22?
19
Let o(i) = i**3 + 10. What is the remainder when 1/((-10)/435*3/(-2)) is divided by o(0)?
9
Let u(l) = 2*l**2 + 6*l + 6. Let x be (-310)/(-8) - 2/(-8). Let k = x - -1. Calculate the remainder when k is divided by u(-4).
12
Let t be (2 + 23)/1 - -1. Let p = 47 - t. Let n(c) = 2*c**2 + c - 4. Calculate the remainder when n(-6) is divided by p.
20
Let d = -33 + 42. What is the remainder when 51 is divided by d?
6
Let u = -5 - -11. What is the remainder when 22 is divided by u?
4
Let a(n) = -n**3 + 2*n - 1. Suppose 0*m = -3*p + 2*m - 20, 5*p - 5*m + 40 = 0. Calculate the remainder when (14/(-4))/(2/p) is divided by a(-2).
1
What is the remainder when (-214)/(-4)*(0 - -2) is divided by 27?
26
Let y = -16 + 61. Let j be (2/6)/(1/y). Let v = j + -4. Calculate the remainder when v is divided by 4.
3
Let q = 4 - 4. Suppose 4*d - 37 = 3*u, q*u + u + 31 = 4*d. What is the remainder when d is divided by 2?
1
Let r = -65 - -91. Calculate 